1 - -22242103?
22242144
In base 11, what is -4 - -1553333?
155332a
In base 2, what is -101 - -101100011110101101101?
101100011110101101000
In base 3, what is 102210122 - 220002212?
-110022020
In base 12, what is bb70760 + -3?
bb70759
In base 10, what is 3 - -19025840?
19025843
In base 9, what is 3506 + 388?
4005
In base 11, what is 445a263 - 50?
445a213
In base 4, what is 103 - -232133203132?
232133203301
In base 2, what is 1001000001000 - -11001010110?
1100001011110
In base 13, what is -2b3c5162 + 1?
-2b3c5161
In base 10, what is 64 - -116722?
116786
In base 10, what is -10807404 - 2?
-10807406
In base 16, what is -f1f1f - -17?
-f1f08
In base 12, what is -88695b - 34?
-886993
In base 16, what is 1c4e + -ad81?
-9133
In base 10, what is -385 + 17432?
17047
In base 2, what is -1100011001100010100000110 + -10101?
-1100011001100010100011011
In base 9, what is -1881 + -32184?
-34175
In base 4, what is -3 - -2213010332?
2213010323
In base 15, what is bb7 + 77bb?
8483
In base 14, what is -387 + -1613?
-199a
In base 3, what is 1 - -2121020012211002?
2121020012211010
In base 7, what is 126034 + -626?
125105
In base 8, what is -1307070 + -216?
-1307306
In base 7, what is -41311013 - 60?
-41311103
In base 2, what is 11110000 - -1011111100110010?
1100000000100010
In base 2, what is -111011010010 + -110111100000011100?
-111000011011101110
In base 4, what is -22302201 + 0?
-22302201
In base 6, what is 23 - 10243340235?
-10243340212
In base 6, what is 2 - -25223404435?
25223404441
In base 6, what is 222 - -112521?
113143
In base 9, what is -865127657 - 5?
-865127663
In base 4, what is -3 - 122303330320?
-122303330323
In base 2, what is 100111100 + 110010100000010?
110011000111110
In base 12, what is -77763b3 + 35?
-777637a
In base 2, what is 0 - 1000100001110110100010100?
-1000100001110110100010100
In base 16, what is -9afe - 1a63?
-b561
In base 9, what is -416447 + 52?
-416385
In base 10, what is 72847656 - -4?
72847660
In base 5, what is 210 + -13011423000?
-13011422240
In base 12, what is 7156508 - -8?
7156514
In base 5, what is -4431242324 + 12?
-4431242312
In base 9, what is 24 - 106310171?
-106310146
In base 4, what is -301 - -10003233222?
10003232321
In base 8, what is -30761 - -327?
-30432
In base 11, what is -227773 - -13?
-227760
In base 12, what is -10426 - -9822?
-2804
In base 14, what is -1249ad7 - 8?
-1249b01
In base 2, what is 110010001111011101011 - 10110010?
110010001111000111001
In base 8, what is -367 - 126201?
-126570
In base 2, what is 101110011010101011000010 + 1011?
101110011010101011001101
In base 7, what is 505502 + -33143?
442326
In base 15, what is -157 + 21e675?
21e51d
In base 8, what is 655450 + -76?
655352
In base 16, what is -3a + 2092d?
208f3
In base 10, what is 84506 - 66?
84440
In base 5, what is -4113 + -431203?
-440321
In base 3, what is -112010112021 + -1112200?
-112012001221
In base 6, what is 12400 - 2121125?
-2104325
In base 9, what is 14255 + -7717?
5437
In base 12, what is -16bb0 - -15?
-16b97
In base 13, what is -21 + -34560?
-34581
In base 4, what is -303011 + 13121001?
12211330
In base 12, what is 4bb46 - -aa3?
50a29
In base 7, what is -511 + 516616?
516105
In base 8, what is 22 + -26267036?
-26267014
In base 4, what is 130 + -1012312221?
-1012312031
In base 10, what is 11032 + 1293?
12325
In base 13, what is -5 + -253882?
-253887
In base 16, what is -8fce - 1bd?
-918b
In base 5, what is -21323 - -34122?
12244
In base 7, what is -16 - 56212?
-56231
In base 4, what is 33210112 + 1002?
33211120
In base 3, what is -200212010 - 112?
-200212122
In base 13, what is -201 - -21044b?
21024a
In base 11, what is 33931 - -138?
33a69
In base 12, what is 1b02 - -427?
2329
In base 4, what is -2233 + -232022301?
-232031200
In base 6, what is 4 - -11353524?
11353532
In base 11, what is 53432 + -324?
53109
In base 8, what is 17 - 551717?
-551700
In base 7, what is 320141 + -11?
320130
In base 13, what is -355ca519 - -2?
-355ca517
In base 9, what is -4 + 18441122?
18441117
In base 16, what is -e - -e4ac51?
e4ac43
In base 4, what is 101 + -23311210123?
-23311210022
In base 9, what is -40221 - -5?
-40215
In base 16, what is 779d0af - 2?
779d0ad
In base 13, what is 4 - a8a17bb?
-a8a17b7
In base 9, what is 3 - -701641?
701644
In base 14, what is 2d8 + 283c6?
286c0
In base 14, what is 1a66a97 + 8?
1a66aa1
In base 14, what is -6 - -334d?
3347
In base 13, what is -13c533 + -5?
-13c538
In base 12, what is -39a8 - -802a?
4242
In base 10, what is 6 + 10346020?
10346026
In base 3, what is -1112100011111000 + -1?
-1112100011111001
In base 6, what is -22212 + 144234?
122022
In base 8, what is -2466022 - 54?
-2466076
In base 7, what is -2243344 + -64?
-2243441
In base 9, what is -13615314 + 5?
-13615308
In base 5, what is -41 - 1313442413?
-1313443004
In base 9, what is -2580 + 184?
-2385
In base 12, what is 1543517 - 79?
154345a
In base 8, what is 14 + -710624221?
-710624205
In base 7, what is 40213 + 2456?
43002
In base 16, what is 284719 + 3?
28471c
In base 10, what is 5632968 - 72?
5632896
In base 14, what is -10204bb + -6c?
-1020549
In base 4, what is -130010 - 222003232?
-222133302
In base 3, what is -2012 - 120211002010?
-120211011022
In base 7, what is -1 + 40241220?
40241216
In base 13, what is 5 + 8278920?
8278925
In base 13, what is 289a + b7?
2984
In base 12, what is 480b535 - 4?
480b531
In base 14, what is -65 - 115b18?
-115b7d
In base 3, what is 10 + -2002201002222?
-2002201002212
In base 4, what is -32011103 - 1202331?
-33220100
In base 13, what is 1 + -297cacb?
-297caca
In base 9, what is -3423 + 157048?
153525
In base 14, what is 397 - -60901?
60c98
In base 13, what is -11356 - 606?
-1195c
In base 11, what is 1898707 - -27?
1898733
In base 11, what is 89a3830 - 8?
89a3823
In base 3, what is 2102 + -1110200122002220?
-1110200122000111
In base 7, what is 6615641 - 230?
6615411
In base 8, what is 1170130 + 2231?
1172361
In base 15, what is -a21 + 2569?
1a48
In base 14, what is -1049653 - 5?
-1049658
In base 7, what is -240166 + 1545?
-235321
In base 10, what is -73724 + -37?
-73761
In base 12, what is 2288 - -2b04?
5190
In base 6, what is -330220324 + -101?
-330220425
In base 15, what is 4 + 26c7591?
26c7595
In base 4, what is 1 + -11132221130?
-11132221123
In base 13, what is -427 + -4440?
-4867
In base 12, what is 329585 - -11?
329596
In base 12, what is -2 - 7a6056?
-7a6058
In base 5, what is -332 - -4114414343?
4114414011
In base 13, what is -4b2 - 17847?
-18029
In base 4, what is -1110223 + -1220320?
-2331203
In base 7, what is 15040463 + 542?
15041335
In base 6, what is -4335 - -2013420?
2005041
In base 8, what is -246 + 62766?
62520
In base 13, what is b5 + 141321?
141406
In base 7, what is -21040120216 - -1?
-21040120215
In base 6, what is -123021 - -241104?
114043
In base 14, what is -16a6db - 14?
-16a711
In base 6, what is 310500 - -421?
311321
In base 9, what is 86 - 48788?
-48702
In base 12, what is 1073a853 - -7?
1073a85a
In base 16, what is 2 + -b1dda3?
-b1dda1
In base 11, what is 59787532 - -3?
59787535
In base 4, what is 21230233 - -2110?
21233003
In base 2, what is -1001010 + 1100101011011100?
1100101010010010
In base 6, what is -133425023 + -1?
-133425024
In base 9, what is -1 - 82664635?
-82664636
In base 3, what is 100201 + -10120021000?
-10112220022
In base 16, what is -ac5d49e + 2?
-ac5d49c
In base 13, what is -76 - 190253?
-1902c9
In base 7, what is -5104545330 + 2?
-5104545325
In base 16, what is -f2ad - -e1?
-f1cc
In base 7, what is -21 + 160466?
160445
In base 14, what is 6 - 29362a?
-293624
In base 11, what is -705413 + -186?
-705599
In base 6, what is 422051 + 1144?
423235
In base 2, what is 11101 - 10010011111110001100111?
-10010011111110001001010
In base 13, what is 15 - -205c3a?
205c52
In base 2, what is -100011101000010 + -11000100?
-100100000000110
In base 14, what is 233102 + 259?
23335b
In base 6, what is -24045515050 + -4?
-24045515054
In base 10, what is 2203 + 531?
2734
In base 9, what is 0 - -646056?
646056
In base 16, what is -3 - 220690?
-220693
In base 5, what is -120433131 + 13231?
-120414400
In base 11, what is -4a5 - 2360?
-2855
In base 9, what is -1104187 + -24?
-1104222
In base 8, what is -520 + -142?
-662
In base 14, what is -656d8a3 - 2?
-656d8a5
In base 5, what is -410330 - -200